mon divisor of 7 and c?
7
Let a(q) = -q**3 - 3*q**2 + 5*q + 8. Let i be a(-4). What is the greatest common factor of 100 and i?
4
Suppose -4*h - 7 = -19. Suppose 4*k = -0*g - 3*g + 5, -1 = k + h*g. Suppose -k*p + 152 + 40 = 0. Calculate the greatest common factor of p and 12.
12
Let y(p) = 2*p**2 - 4*p - 34. Let u be y(-5). What is the highest common divisor of 84 and u?
12
Suppose -5*d + 67 = 4*f, -4*d = 4*f - 20 - 32. What is the highest common factor of 135 and d?
15
Let o(z) = 9*z + 3. Let b be o(5). Suppose v - 4*v + b = 0. Suppose -9 = -3*h - 5*m, 6 = -4*m - 6. Calculate the greatest common divisor of v and h.
8
Suppose -q + 3*q - 3*u = -371, -2*q - 3*u = 365. Let j be q/(-10) - 2/5. What is the greatest common factor of j and 45?
9
Suppose -4*r = -2*q + 164, -q + 5*r = -121 + 36. Calculate the highest common factor of q and 32.
16
Suppose 3*o + 8 + 5 = c, 0 = -3*c + 2*o + 53. Calculate the highest common factor of 1 and c.
1
Let t be 6/(-27) + 8648/36. What is the greatest common divisor of t and 30?
30
Let l(o) = -o**3 + 8*o**2 - 7*o + 9. Let w be l(7). Let i be (7/(-3))/(4/(-108)). What is the highest common factor of i and w?
9
Suppose -2*h = k + 5, 2 = 5*k - 0*k + h. Let y = k - 0. Suppose 20 = 5*i - 0*o + 5*o, 2*i - 2*o = 12. What is the greatest common divisor of y and i?
1
Suppose 5*s = -4 + 9, 3*f = 4*s + 29. What is the highest common divisor of f and 121?
11
Suppose 0 = w + 1 - 17. Calculate the greatest common factor of 16 and w.
16
Suppose -15 = -f + 1. Calculate the highest common divisor of f and 112.
16
Let l = 44 - 26. Calculate the greatest common factor of l and 342.
18
Let p = 20 - -35. What is the highest common divisor of p and 22?
11
Suppose -4*r - 2*z + 11 = -5*z, 4*r - 16 = 4*z. Let q be (24/(-16))/(r/132). What is the greatest common divisor of q and 18?
18
Let v = -9 + 14. Let h(y) = -y + 5. Let u be h(v). Let c be u + (25 - (-6)/3). Calculate the highest common divisor of 3 and c.
3
Let z(y) = 3*y**3 + 2*y - 1. Let w be z(1). Suppose 2*n = w*n - 4. Suppose 18 = g - n. Calculate the greatest common factor of 5 and g.
5
Let r be (-6)/3 - (78 - -1). Let h = -43 - r. Suppose -4*u - h = -2*o, o - 3*o = 3*u - 3. Calculate the highest common factor of 36 and o.
9
Suppose -9*w + 32 = -5*w. Let o = w - -1. Let u(v) = v**3 + 2*v**2 - v + 1. Let a be u(-2). Calculate the greatest common divisor of a and o.
3
Let a be (-33)/(-2)*(-20)/(-2). Let r be (-3)/9*-2*a. Calculate the highest common divisor of r and 11.
11
Let d = -18 + 26. Let h(m) = 5*m**3 - 2*m**2 + 1. Let w be h(1). What is the greatest common divisor of d and w?
4
Suppose 0 = 15*s - 12*s - 504. What is the highest common factor of s and 24?
24
Suppose -96 = -3*j + 15. Let t be 6/(-15) - j/(-5). Suppose -s + 36 = 5*y, y - 23 = -2*y - 2*s. What is the highest common divisor of t and y?
7
Suppose 0 = a + 5*d - 12, d = -2*a - d + 56. Suppose 16 = 2*s + y + 4*y, 4*s - 4*y - a = 0. Calculate the greatest common factor of 72 and s.
8
Let h(m) = 2*m - 3. Let q be h(6). Let z(v) = v**2 + 15*v - 67. Let s be z(4). Calculate the highest common divisor of s and q.
9
Suppose -j + 8 = 3. What is the highest common factor of j and 25?
5
Suppose 50*q - 126 = 43*q. Let k(r) = 14*r**2 - r + 3. Let i be k(3). Calculate the greatest common divisor of i and q.
18
Suppose -54 = -4*k + 66. Suppose z + 27 = 4*m, 5*z - z = 5*m - 86. Let p = k + z. Calculate the highest common factor of p and 11.
11
Suppose -48*f - 46 = -50*f. What is the highest common factor of 23 and f?
23
Let g(n) = n**2 - 12*n - 20. Let t be g(15). Calculate the highest common divisor of 10 and t.
5
Suppose -5*r + 1150 = -5*y, 0 = -4*y + 13 + 3. Calculate the greatest common factor of 26 and r.
26
Suppose -k = -5 + 1. Let m(f) = f**3 - 2*f**2 + f + 4. Let r be m(k). What is the greatest common factor of 8 and r?
8
Let f(u) be the first derivative of -6*u**2 - 3*u - 4. Let i be f(-3). Calculate the highest common divisor of i and 11.
11
Suppose 2*r + 2*w - 332 = 4*w, -5*w + 25 = 0. Calculate the greatest common factor of 19 and r.
19
Suppose -2*o + 48 = o + 5*h, 5*o - 3*h - 80 = 0. Suppose 0 = -5*z + 5*v + 85, -2*z + 28 = -0*z + 4*v. What is the highest common divisor of z and o?
16
Let b(q) = q**3 - q**2 + 2*q + 1. Let t be b(2). Suppose 0 = -3*h + 2*h + t. Suppose 2*o + h = 5*o. What is the greatest common factor of o and 33?
3
Suppose 0 = 4*g - 10 + 2. Suppose v = -g*v + 24. What is the greatest common divisor of v and 24?
8
Suppose -2*a - 6 = 4. Let i be 95 + a/((-15)/9). Calculate the greatest common factor of 14 and i.
14
Let h(v) = 2*v**3 - 4*v**2 - 2. Let y be h(3). Suppose 5*k = k + y. Calculate the highest common divisor of k and 4.
4
Suppose 0*w = 6*w - 240. What is the highest common divisor of w and 16?
8
Let c = -9 - -33. Calculate the highest common factor of c and 6.
6
Suppose -z = -5, 4*z = 5*b - 44 - 41. Let q be 2/(-4)*(-7 - 1). Suppose -3*v = -l - 25, -4*v = q*l - 4 - 8. Calculate the highest common factor of v and b.
7
Let d be (-14)/(-21)*(-78)/(-4). Let x = 55 + -3. Calculate the highest common factor of d and x.
13
Let m(f) = f**3 + 4*f**2 - 4*f + 7. Let z be m(-5). Let b = 3 - 19. Let u = z - b. What is the highest common factor of u and 144?
18
Suppose 2*a + 1 = 3. Suppose 9 = -5*u + 39. Let b be 3/2*32/u. What is the greatest common factor of b and a?
1
Let i(w) = 147*w + 1. Let m be i(1). Suppose 0 = y - m + 43. Calculate the greatest common factor of y and 42.
21
Let i = 103 - 5. Let w = -3 + 0. Let s = w - -17. Calculate the highest common factor of i and s.
14
Let a = -4 - -7. Suppose -30 = 2*t + a*t. Let n = t + 9. Calculate the highest common divisor of 21 and n.
3
Let r = -7 + 13. Let n be (8/6)/((-2)/r). Let b be 3/n + (-156)/(-16). Calculate the greatest common factor of 1 and b.
1
Let l be (130/4)/(2/4). Let q(c) = -c**2 + 5*c + 2. Let y be q(5). Let f be 27 + (y - 5 - -2). What is the greatest common divisor of f and l?
13
Suppose -26 = -3*x + x. Let m(d) = 2*d - 14. Let n be m(x). Let t = 155 - 71. Calculate the greatest common factor of t and n.
12
Let j(k) = k**2 - 2. Let w be j(-2). Suppose 3*i - 56 = w*x, -i + 11 = -2*x - 13. What is the greatest common divisor of i and 128?
16
Let n = 10 + 2. Let m be 1*8 - ((-24)/(-4) + -6). Calculate the greatest common factor of n and m.
4
Let q be (-4)/8*1*-28. Calculate the greatest common factor of q and 35.
7
Suppose 4*y + 234 + 158 = 5*g, y + 398 = 5*g. Suppose -h - 5*b = -3 - 31, 4*b - g = -3*h. Calculate the greatest common factor of h and 8.
8
Let m = 7 - -8. Let s(h) = 3*h - 3. Let j be s(6). Calculate the greatest common factor of j and m.
15
Let n = 325 - -83. What is the greatest common divisor of 24 and n?
24
Suppose 24 = l - 16. Suppose 4*a - 12 = -g, 2*a + 19 = 2*g - 15. Calculate the greatest common factor of g and l.
8
Let r be 0*1*1/(-2). Suppose -f + 71 - 8 = r. What is the highest common divisor of 9 and f?
9
Suppose -8 = -a - 3*a. Suppose 2*n - 28 = -a*n. What is the greatest common factor of n and 77?
7
Suppose 5*u - 1201 = 3*k, 4*k - 5*k - 958 = -4*u. Let h = u + -138. Suppose -4*l + 453 - h = 0. What is the greatest common divisor of l and 8?
8
Suppose 0*d - d = -3. Let a be 26/2 - (d - 1). What is the greatest common factor of 22 and a?
11
Suppose 3*t - 120 = 2*t - 5*a, 4*t + 5*a - 450 = 0. Calculate the highest common factor of t and 11.
11
Suppose 38*w - 1568 = 31*w. Calculate the greatest common factor of w and 14.
14
Let o = 199 + 49. Let a = o - 176. Calculate the highest common divisor of 48 and a.
24
Suppose 0 = w - 0*w - 4. Suppose 0*r + 4 = -r + 4*m, w*m - 40 = -2*r. Calculate the greatest common factor of r and 48.
12
Let p(j) = -j - 1. Let h be p(-5). Suppose h = -a + 9. Suppose 0*f - a*f + 20 = 4*m, 8 = 2*m + 3*f. Calculate the highest common factor of m and 15.
5
Suppose a = -5*x + 24, -4*x - 24 = -2*a + a. What is the greatest common divisor of a and 168?
24
Let k = 17 + -2. Calculate the greatest common factor of k and 60.
15
Let n be 8/(-3)*24/(-16). Let a(b) = -9*b**3 + 1. Let f be a(-1). Let t be 24/(f/6 - 1). What is the highest common factor of n and t?
4
Suppose -l - 5*m + 12 = 0, -4 = -2*l - 3*l + 3*m. Suppose 0 = 2*b - 10, -3*b + 7 = -h - l. Calculate the greatest common factor of h